{"id":9799,"date":"2025-05-26T12:50:38","date_gmt":"2025-05-26T12:50:38","guid":{"rendered":"https:\/\/saiapm.ulbsibiu.ro\/?page_id=9799"},"modified":"2025-05-26T14:58:50","modified_gmt":"2025-05-26T14:58:50","slug":"stiinte-si-politici-de-protectia-mediului-2","status":"publish","type":"page","link":"https:\/\/saiapm.ulbsibiu.ro\/index.php\/stiinte-si-politici-de-protectia-mediului-2\/","title":{"rendered":"\u015etiinte \u015fi politici de protec\u0163ia mediului"},"content":{"rendered":"[vc_row][vc_column]<div class=\"vcex-module vcex-heading vcex-heading-plain\" style=\"font-family:Arial, Helvetica, sans-serif;font-weight:700;\"><span class=\"vcex-heading-inner clr\">\u0218TIIN\u021aE \u0218I POLITICI DE PROTEC\u021aIA MEDIULUI<\/span><\/div>[vc_column_text]\n<p style=\"font-weight: 400; text-align: justify;\">Programul de master din domeniul Ingineria Mediului \u201d<strong>\u00a0\u0218TIIN\u021aE \u0218I POLITICI DE PROTEC\u021aIA MEDIULUI<\/strong>\u201d \u00a0ofer\u0103 pentru prima dat\u0103 studen\u021bilor masteranzi posibilitatea s\u0103 acceseze cuno\u0219tin\u021be legate de conexiunile subtile dintre \u0219tiin\u021b\u0103 \u0219i politic\u0103 \u00een domeniul protec\u021biei mediului. Este un program avangardist pentru Rom\u00e2nia \u00eentruc\u00e2t \u00een domeniul Ingineria Mediului este unic prin con\u021binutul \u0219i structura planului de \u00eenv\u0103\u021b\u0103m\u00e2nt.<\/p>\n<p style=\"font-weight: 400; text-align: justify;\">Managementul durabil al problemelor de mediu generate de sectoare diferite ale economiei na\u021bionale poate fi mai rapid \u0219i mai armonios realizat prin aplicarea celor mai adecvate m\u0103suri de protec\u021bia mediului.<\/p>\n<p style=\"font-weight: 400; text-align: justify;\">No\u021biuni \u0219tiin\u021bifice din domeniul chimiei mediului \u0219i nanotehnologiilor se combin\u0103 armonios cu cele din sectorul agricol \u0219i al managementului apelor uzate. Acestora le sunt integrate no\u021biuni de tipul conserv\u0103rii biodiversit\u0103\u021bii \u0219i evalu\u0103rii serviciilor ecosistemice de mediu sau ale economiei circulare. Nu \u00een ultimul r\u00e2nd o serie \u00eentreag\u0103 de acorduri multilaterale de mediu sunt abordate pentru a \u00een\u021belege ce rol pot avea acestea pentru dezvoltarea politicilor europene \u0219i na\u021bionale precum \u0219i pentru alegerea celor mai bune solu\u021bii, bazate \u0219tiin\u021bific pentru sus\u021binerea celor mai potrivite decizii politice, tehnice bazate pe argumente \u0219tiin\u021bifice,<\/p>\n<p style=\"font-weight: 400; text-align: justify;\">Disciplinele din planul de \u00eenv\u0103\u0163\u0103m\u00e2nt al\u00a0 programului, au ca scop major transmiterea de cuno\u015ftin\u0163e cu privire la politicile de mediu de la nivel global la nivel European \u0219i na\u021bional, no\u021biuni cruciale pentru implementarea principiilor economiei circulare, prevenirea \u015fi combaterea polu\u0103rii mediului \u00een general contribuind astfel la dezvoltarea competen\u0163elor manageriale ale absolven\u0163ilor.<\/p>\n<p style=\"font-weight: 400; text-align: justify;\">Absolven\u0163ii pot g\u0103si cadrul potrivit pentru aplicarea cuno\u015ftin\u0163elor \u00een orice institu\u0163ii de tipul autorit\u0103\u021bilor publice centrale, regionale \u0219i jude\u021bene, institu\u021bii preocupate de implementarea Regulamentelor Uniunii Europene pentru protec\u021bia mediului precum \u0219i la agen\u021bi economici preocupa\u021bi de asigurarea protec\u021biei mediului pe termen lung. De asemenea, vor avea abilit\u0103\u021bi \u0219i competen\u021be deosebite pentru a aduce contribu\u021bii \u00a0\u00een unit\u0103\u0163i specializate pentru elaborarea de bilan\u0163uri de mediu \u015fi studii de impact, sta\u0163ii de tratare \u015fi epurare a apelor, compartimente de protec\u0163ia mediului de la agen\u021bi economici, laboratoare fixe \u015fi mobile de monitorizare a factorilor de mediu, unit\u0103\u0163i de cercetare, O.N.G.-uri, firme de consultan\u0163\u0103 \u00een domeniul managementului ariilor protejate, conservarii biodiversit\u0103\u021bii \u0219i protec\u0163iei mediului.<\/p>\n<p style=\"font-weight: 400; text-align: justify;\">Durata studiilor de master este de 4 semestre (2 ani), av\u00e2nd un num\u0103r de 120 credite.<\/p>\n<h4 style=\"text-align: justify;\" align=\"justify\"><span style=\"font-size: 16px;\"><a href=\"https:\/\/saiapm.ulbsibiu.ro\/wp-content\/uploads\/2025\/05\/Anexa-B.1.12.-Planul-de-invatamant.pdf\"><span class=\"ws8\" style=\"color: #000000; font-family: Tahoma;\"><img loading=\"lazy\" decoding=\"async\" class=\"alignnone size-full wp-image-1195\" src=\"http:\/\/saiapm.ulbsibiu.ro\/wp-content\/uploads\/2016\/10\/pdfdoc.gif\" alt=\"\" width=\"16\" height=\"16\" \/>\u00a0Plan de \u00eenv\u0103\u0163\u0103m\u00e2nt<\/span><\/a><\/span><\/h4>\n[\/vc_column_text][\/vc_column][\/vc_row]\n","protected":false},"excerpt":{"rendered":"<p>[vc_row][vc_column][vc_column_text] Programul de master din domeniul Ingineria Mediului \u201d\u00a0\u0218TIIN\u021aE \u0218I POLITICI DE PROTEC\u021aIA MEDIULUI\u201d \u00a0ofer\u0103 pentru prima dat\u0103 studen\u021bilor masteranzi posibilitatea s\u0103 acceseze cuno\u0219tin\u021be legate de conexiunile subtile dintre \u0219tiin\u021b\u0103 \u0219i politic\u0103 \u00een domeniul protec\u021biei mediului. Este un program avangardist&hellip;<\/p>\n","protected":false},"author":1,"featured_media":0,"parent":0,"menu_order":0,"comment_status":"closed","ping_status":"closed","template":"","meta":{"footnotes":""},"class_list":["post-9799","page","type-page","status-publish","hentry","entry","no-media"],"_links":{"self":[{"href":"https:\/\/saiapm.ulbsibiu.ro\/index.php\/wp-json\/wp\/v2\/pages\/9799"}],"collection":[{"href":"https:\/\/saiapm.ulbsibiu.ro\/index.php\/wp-json\/wp\/v2\/pages"}],"about":[{"href":"https:\/\/saiapm.ulbsibiu.ro\/index.php\/wp-json\/wp\/v2\/types\/page"}],"author":[{"embeddable":true,"href":"https:\/\/saiapm.ulbsibiu.ro\/index.php\/wp-json\/wp\/v2\/users\/1"}],"replies":[{"embeddable":true,"href":"https:\/\/saiapm.ulbsibiu.ro\/index.php\/wp-json\/wp\/v2\/comments?post=9799"}],"version-history":[{"count":4,"href":"https:\/\/saiapm.ulbsibiu.ro\/index.php\/wp-json\/wp\/v2\/pages\/9799\/revisions"}],"predecessor-version":[{"id":9807,"href":"https:\/\/saiapm.ulbsibiu.ro\/index.php\/wp-json\/wp\/v2\/pages\/9799\/revisions\/9807"}],"wp:attachment":[{"href":"https:\/\/saiapm.ulbsibiu.ro\/index.php\/wp-json\/wp\/v2\/media?parent=9799"}],"curies":[{"name":"wp","href":"https:\/\/api.w.org\/{rel}","templated":true}]}}