{"id":6431,"date":"2020-06-07T08:26:49","date_gmt":"2020-06-07T08:26:49","guid":{"rendered":"http:\/\/saiapm.ulbsibiu.ro\/?page_id=6431"},"modified":"2025-11-28T11:16:32","modified_gmt":"2025-11-28T11:16:32","slug":"montanologie-zi","status":"publish","type":"page","link":"https:\/\/saiapm.ulbsibiu.ro\/index.php\/specializari\/montanologie-zi\/","title":{"rendered":"Montanologie"},"content":{"rendered":"[vc_row css=&#8221;.vc_custom_1656326041188{background-color: #ffffff !important;}&#8221;][vc_column css=&#8221;.vc_custom_1590608742203{margin-right: 30px !important;}&#8221;]<div class=\"vcex-module vcex-heading vcex-heading-plain vc_custom_1591522306665 wpex-rcss wpex-69e29396b4bf0\" data-wpex-rcss='{\"font-size\":{\"d\":\"40px\",\"tl\":\"20px\",\"tp\":\"20px\",\"pl\":\"20px\",\"pp\":\"20px\"}}' data-wpex-uniqid='.wpex-69e29396b4bf0' style=\"color:#002f60;font-family:Open Sans;font-weight:700;\"><span class=\"vcex-heading-inner clr\">Montanologie<\/span><\/div><div class=\"vcex-module vcex-heading vcex-heading-plain vc_custom_1656324419490 wpex-rcss wpex-69e29396b4cbd\" data-wpex-rcss='{\"font-size\":{\"d\":\"16px\",\"tl\":\"16px\",\"tp\":\"16px\",\"pl\":\"16px\",\"pp\":\"16px\"}}' data-wpex-uniqid='.wpex-69e29396b4cbd' style=\"color:#002f60;font-family:Open Sans;font-weight:700;\"><span class=\"vcex-heading-inner clr\">\u00cenv\u0103\u021b\u0103m\u00e2nt cu frecven\u021b\u0103 (ZI) \u0219i \u00eenv\u0103\u021b\u0103m\u00e2nt la distan\u021b\u0103 (ID)<\/span><\/div>[vc_row_inner remove_bottom_col_margin=&#8221;true&#8221; css=&#8221;.vc_custom_1591004325295{margin-right: 10px !important;}&#8221;][vc_column_inner]<div class=\"vcex-module vcex-heading vcex-heading-plain vc_custom_1590915896738 wpex-rcss wpex-69e29396b4d63\" data-wpex-rcss='{\"font-size\":{\"d\":\"20px\",\"tl\":\"16px\",\"tp\":\"16px\",\"pl\":\"16px\",\"pp\":\"16px\"}}' data-wpex-uniqid='.wpex-69e29396b4d63' style=\"color:#ffffff;font-family:Open Sans;font-weight:700;\"><span class=\"vcex-heading-inner clr\">Informa\u021bii generale:<\/span><\/div>[vc_column_text css=&#8221;.vc_custom_1625767945298{margin-bottom: 30px !important;margin-left: 10px !important;}&#8221;]\n<ul>\n<li>Domeniul pentru studii universitare de licen\u021b\u0103: Agronomie<\/li>\n<li>Durat\u0103: 4 ani<\/li>\n<li>Stadiul acredit\u0103rii: acreditat\u0103<\/li>\n<li>Titlul ob\u021binut: inginer<\/li>\n<li>Nivel de calificare conform Cadrului na\u021bional al calific\u0103rilor (CNC): 6<\/li>\n<\/ul>\n[\/vc_column_text][\/vc_column_inner][\/vc_row_inner]<div class=\"vcex-module vcex-heading vcex-heading-plain vc_custom_1590915920794 wpex-rcss wpex-69e29396b4ded\" data-wpex-rcss='{\"font-size\":{\"d\":\"20px\",\"tl\":\"16px\",\"tp\":\"16px\",\"pl\":\"16px\",\"pp\":\"16px\"}}' data-wpex-uniqid='.wpex-69e29396b4ded' style=\"color:#ffffff;font-family:Open Sans;font-weight:700;\"><span class=\"vcex-heading-inner clr\">Misiunea programului de studii Montanologie este urm\u0103toarea:<\/span><\/div>[vc_column_text css=&#8221;.vc_custom_1591522558777{margin-bottom: 30px !important;padding-right: 20px !important;padding-left: 20px !important;}&#8221;]\n<div align=\"justify\">\n<ul>\n<li>formarea de cadre cu preg\u0103tire superioar\u0103 \u00een domeniul agricultur\u0103, \u015fi actualizarea permanent\u0103 a instruirii acestora, conform planului de \u00eenv\u0103\u0163\u0103m\u00e2nt;<\/li>\n<li>formarea speciali\u015ftilor cu \u00eenalt\u0103 calificare \u00een domeniul agronomie, \u00een concordan\u0163\u0103 cu exigen\u0163ele standardelor europene \u015fi mondiale;<\/li>\n<li>ob\u0163inerea de cuno\u015ftin\u0163e aprofundate \u00een domeniul tehnologiilor pentru cultura plantelor\/exploatarea animalelor \u015fi a protec\u0163iei solului \u00een acord cu cerin\u0163ele Directivelor Uniunii Europene.<\/li>\n<li>cercetarea \u015ftiin\u0163ific\u0103 de profil;<\/li>\n<\/ul>\n<p><strong>Cuno\u0219tin\u021bele\/Aptitudini\/Responsabilitate \u0219i autonomie<\/strong> &#8211; conform con\u021binutului descris \u00een Fi\u0219ele disciplinelor, care sunt \u00een concordan\u0163\u0103 cu rezultatele \u00eenv\u0103\u021b\u0103rii \u0219i cu standardele na\u0163ionale \u015fi interna\u0163ionale conform legisla\u021biei \u00een vigoare, cu strategia ULBS \u015fi cu\u00a0 strategia Facult\u0103\u0163ii de \u015etiin\u0163e Agricole, Industrie Alimentar\u0103 \u015fi Protec\u0163ia Mediului \u0218AIAPM .<\/p>\n<\/div>\n[\/vc_column_text]<div class=\"vcex-module vcex-heading vcex-heading-plain vc_custom_1590915933011 wpex-rcss wpex-69e29396b4e70\" data-wpex-rcss='{\"font-size\":{\"d\":\"20px\",\"tl\":\"16px\",\"tp\":\"16px\",\"pl\":\"16px\",\"pp\":\"16px\"}}' data-wpex-uniqid='.wpex-69e29396b4e70' style=\"color:#ffffff;font-family:Open Sans;font-weight:700;\"><span class=\"vcex-heading-inner clr\">Obiectivele programului de studii Montanologie:<\/span><\/div>[vc_column_text css=&#8221;.vc_custom_1591522620604{padding-right: 20px !important;padding-left: 20px !important;}&#8221;]\n<p><strong>Obiectivul principal<\/strong> este formarea \u015fi perfec\u0163ionarea resurselor umane \u00een domeniul agricol \u00een corela\u0163ie cu cerin\u0163ele pie\u0163ei muncii \u015fi cu prevederile Cadrului Na\u021bional al Calific\u0103rilor (CNC), cu Registrul Na\u021bional al Calific\u0103rilor din \u00cenv\u0103\u021b\u0103m\u00e2ntul Superior (RNCIS) \u0219i cu Standardele specifice domeniului de licen\u021b\u0103 elaborate de ARACIS. Cuno\u0219tin\u021bele, abilit\u0103\u021bile \u015fi deprinderile practice ob\u021binute de c\u0103tre studen\u021bi pe parcursul procesului le \u00a0permit integrarea corespunz\u0103toare \u00een munc\u0103, asigurarea unor competen\u0163e care s\u0103 certifice fiec\u0103rui absolvent nivelul de calificare atins \u00een domeniu.<\/p>\n<p><strong>Obiectivele\u00a0 specifice<\/strong> ale programului de studii Montanologie:\u00a0<\/p>\n<ul>\n<li>preg\u0103tirea speciali\u015ftilor corespunz\u0103tor cerin\u0163elor pie\u0163ei for\u0163ei de munc\u0103;<\/li>\n<li>dezvoltarea \u015fi modernizarea bazei tehnico-materiale pentru asigurarea unei \u00eenalte preg\u0103tiri profesionale \u015fi \u015ftiin\u0163ifice a absolven\u0163ilor;<\/li>\n<li>cre\u015fterea calit\u0103\u0163ii procesului de \u00eenv\u0103\u0163\u0103m\u00e2nt \u015fi a cercet\u0103rii \u015ftiin\u0163ifice, prin asigurarea condi\u0163iilor necesare: spa\u0163ii de \u00eenv\u0103\u0163\u0103m\u00e2nt, informatizare, biblioteci, laboratoare de cercetare, ferm\u0103 didactic\u0103, etc;<\/li>\n<li>conservarea, dezvoltarea, aplicarea \u015fi r\u0103sp\u00e2ndirea crea\u0163iei \u015ftiin\u0163ifice \u00een domeniul \u015ftiin\u0163elor agronomice;<\/li>\n<li>perfec\u0163ionarea activit\u0103\u0163ii didactico-metodice a absolven\u0163ilor, care sunt cadre didactice \u00een \u00eenv\u0103\u0163\u0103m\u00e2ntul preuniversitar;\u00a0<\/li>\n<\/ul>\n[\/vc_column_text]<div class=\"vcex-module vcex-heading vcex-heading-plain vc_custom_1590915933011 wpex-rcss wpex-69e29396b4ef0\" data-wpex-rcss='{\"font-size\":{\"d\":\"20px\",\"tl\":\"16px\",\"tp\":\"16px\",\"pl\":\"16px\",\"pp\":\"16px\"}}' data-wpex-uniqid='.wpex-69e29396b4ef0' style=\"color:#ffffff;font-family:Open Sans;font-weight:700;\"><span class=\"vcex-heading-inner clr\">Competen\u021be ESCO dob\u00e2ndite:<\/span><\/div>[vc_column_text css=&#8221;.vc_custom_1591522620604{padding-right: 20px !important;padding-left: 20px !important;}&#8221;]\n<ul>\n<li>consilierea cu privire la tehnicile de \u00eembun\u0103t\u0103\u021bire a produc\u021biei vegetale \u0219i animale, precum \u0219i la op\u021biunile alternative de produc\u021bie;<\/li>\n<li>\u00a0cercetarea caracteristicilor, a capacit\u0103\u021bii de utilizare \u0219i a productivit\u0103\u021bii solurilor \u0219i aplicarea constat\u0103rilor pentru dezvoltarea unor practici agricole \u00eembun\u0103t\u0103\u021bite;<\/li>\n<li>elaborarea de proceduri \u0219i tehnici de solu\u021bionare a problemelor agricole \u0219i \u00eembun\u0103t\u0103\u021bire a eficien\u021bei produc\u021biei;<\/li>\n<li>preg\u0103tirea rapoartelor \u0219tiin\u021bifice \u0219i desf\u0103\u0219urarea de sesiuni de informare consultativ\u0103 \u0219i prelegeri pentru comunit\u0103\u021bile agricole \u0219i alte grupuri.<\/li>\n<\/ul>\n<p>&nbsp;<\/p>\n<table style=\"border-collapse: collapse; width: 100%;\">\n<tbody>\n<tr>\n<th style=\"border: 1px solid #000; padding: 6px;\" colspan=\"2\">Competen\u021be profesionale<\/th>\n<\/tr>\n<tr>\n<td style=\"border: 1px solid #000; padding: 6px;\">CP1<\/td>\n<td style=\"border: 1px solid #000; padding: 6px;\">Asigurarea serviciilor de consultan\u021b\u0103 \u0219i extensie \u00een agricultur\u0103 pentru zonele cu relief \u00eenalt.<\/td>\n<\/tr>\n<tr>\n<td style=\"border: 1px solid #000; padding: 6px;\">CP2<\/td>\n<td style=\"border: 1px solid #000; padding: 6px;\">Aplicarea conceptelor, teoriilor \u0219i metodelor de investigare fundamental\u0103 din domeniul Agronomie, pentru formularea de proiecte \u0219i demersuri profesionale.<\/td>\n<\/tr>\n<tr>\n<td style=\"border: 1px solid #000; padding: 6px;\">CP3<\/td>\n<td style=\"border: 1px solid #000; padding: 6px;\">Competen\u021be generale legate de culegerea, analiza \u0219i interpretarea de date \u0219i informa\u021bii din diverse surse alternative, respectiv din contexte profesionale reale \u0219i din literatura de specialitate a domeniului Agronomie, pentru formularea de argumente, decizii \u0219i demersuri concrete.<\/td>\n<\/tr>\n<tr>\n<td style=\"border: 1px solid #000; padding: 6px;\">CP4<\/td>\n<td style=\"border: 1px solid #000; padding: 6px;\">Proiectarea, \u00eenfiin\u021barea \u0219i managementul unei exploata\u021bii mixte\/\u00eentreprinderi agro-turistice.<\/td>\n<\/tr>\n<tr>\n<td style=\"border: 1px solid #000; padding: 6px;\">CP5<\/td>\n<td style=\"border: 1px solid #000; padding: 6px;\">Ini\u021biativ\u0103 \u00een analiza \u0219i rezolvarea de probleme specifice domeniului Agronomie.<\/td>\n<\/tr>\n<tr>\n<td style=\"border: 1px solid #000; padding: 6px;\">CP6<\/td>\n<td style=\"border: 1px solid #000; padding: 6px;\">Elaborarea tehnologiilor de produc\u021bie agricol\u0103 durabil\u0103, organizarea \u0219i coordonarea realiz\u0103rii proceselor de produc\u021bie.<\/td>\n<\/tr>\n<tr>\n<th style=\"border: 1px solid #000; padding: 6px;\" colspan=\"2\">Competen\u021be transversale<\/th>\n<\/tr>\n<tr>\n<td style=\"border: 1px solid #000; padding: 6px;\">CT1<\/td>\n<td style=\"border: 1px solid #000; padding: 6px;\">Aplicarea unor tehnici eficiente de comunicare \u00een activit\u0103\u021bile specifice muncii \u00een echip\u0103; asumarea unui rol \u00een cadrul echipei \u0219i respectarea principiilor diviziunii muncii.<\/td>\n<\/tr>\n<tr>\n<td style=\"border: 1px solid #000; padding: 6px;\">CT2<\/td>\n<td style=\"border: 1px solid #000; padding: 6px;\">Autoevaluarea obiectiv\u0103 a nevoii de formare profesional\u0103 continu\u0103 cu scopul de a se adapta \u0219i a r\u0103spunde constant exigen\u021belor dezvolt\u0103rii durabile.<\/td>\n<\/tr>\n<tr>\n<td style=\"border: 1px solid #000; padding: 6px;\">CT3<\/td>\n<td style=\"border: 1px solid #000; padding: 6px;\">Utilizarea tehnicilor IT de informare \u0219i comunicare \u0219i cel pu\u021bin a unei limbi de circula\u021bie interna\u021bional\u0103.<\/td>\n<\/tr>\n<\/tbody>\n<\/table>\n<p>&nbsp;<\/p>\n<p><strong>Ocupa\u021bii vizate din grupa de baz\u0103 reprezentativ\u0103 2132, \u00eenscrise \u00een RNCIS:<\/strong><\/p>\n<table style=\"border-collapse: collapse; width: 100%;\">\n<thead>\n<tr>\n<th style=\"border: 1px solid #000; padding: 6px;\">Cod<\/th>\n<th style=\"border: 1px solid #000; padding: 6px;\">Ocupa\u021bia<\/th>\n<\/tr>\n<\/thead>\n<tbody>\n<tr>\n<td style=\"border: 1px solid #000; padding: 6px;\">213225<\/td>\n<td style=\"border: 1px solid #000; padding: 6px;\">Inginer agronom<\/td>\n<\/tr>\n<tr>\n<td style=\"border: 1px solid #000; padding: 6px;\">213201<\/td>\n<td style=\"border: 1px solid #000; padding: 6px;\">Consilier inginer agronom<\/td>\n<\/tr>\n<tr>\n<td style=\"border: 1px solid #000; padding: 6px;\">213204<\/td>\n<td style=\"border: 1px solid #000; padding: 6px;\">Referent de specialitate inginer agronom<\/td>\n<\/tr>\n<\/tbody>\n<\/table>\n[\/vc_column_text][\/vc_column][\/vc_row]\n","protected":false},"excerpt":{"rendered":"<p>[vc_row css=&#8221;.vc_custom_1656326041188{background-color: #ffffff !important;}&#8221;][vc_column css=&#8221;.vc_custom_1590608742203{margin-right: 30px !important;}&#8221;][vc_row_inner remove_bottom_col_margin=&#8221;true&#8221; css=&#8221;.vc_custom_1591004325295{margin-right: 10px !important;}&#8221;][vc_column_inner][vc_column_text css=&#8221;.vc_custom_1625767945298{margin-bottom: 30px !important;margin-left: 10px !important;}&#8221;] Domeniul pentru studii universitare de licen\u021b\u0103: Agronomie Durat\u0103: 4 ani Stadiul acredit\u0103rii: acreditat\u0103 Titlul ob\u021binut: inginer Nivel de calificare conform Cadrului na\u021bional al calific\u0103rilor&hellip;<\/p>\n","protected":false},"author":1,"featured_media":0,"parent":6229,"menu_order":0,"comment_status":"closed","ping_status":"closed","template":"","meta":{"footnotes":""},"class_list":["post-6431","page","type-page","status-publish","hentry","entry","no-media"],"_links":{"self":[{"href":"https:\/\/saiapm.ulbsibiu.ro\/index.php\/wp-json\/wp\/v2\/pages\/6431"}],"collection":[{"href":"https:\/\/saiapm.ulbsibiu.ro\/index.php\/wp-json\/wp\/v2\/pages"}],"about":[{"href":"https:\/\/saiapm.ulbsibiu.ro\/index.php\/wp-json\/wp\/v2\/types\/page"}],"author":[{"embeddable":true,"href":"https:\/\/saiapm.ulbsibiu.ro\/index.php\/wp-json\/wp\/v2\/users\/1"}],"replies":[{"embeddable":true,"href":"https:\/\/saiapm.ulbsibiu.ro\/index.php\/wp-json\/wp\/v2\/comments?post=6431"}],"version-history":[{"count":25,"href":"https:\/\/saiapm.ulbsibiu.ro\/index.php\/wp-json\/wp\/v2\/pages\/6431\/revisions"}],"predecessor-version":[{"id":11295,"href":"https:\/\/saiapm.ulbsibiu.ro\/index.php\/wp-json\/wp\/v2\/pages\/6431\/revisions\/11295"}],"up":[{"embeddable":true,"href":"https:\/\/saiapm.ulbsibiu.ro\/index.php\/wp-json\/wp\/v2\/pages\/6229"}],"wp:attachment":[{"href":"https:\/\/saiapm.ulbsibiu.ro\/index.php\/wp-json\/wp\/v2\/media?parent=6431"}],"curies":[{"name":"wp","href":"https:\/\/api.w.org\/{rel}","templated":true}]}}