{"id":6255,"date":"2020-05-29T20:16:07","date_gmt":"2020-05-29T20:16:07","guid":{"rendered":"http:\/\/saiapm.ulbsibiu.ro\/?page_id=6255"},"modified":"2021-07-08T18:18:09","modified_gmt":"2021-07-08T18:18:09","slug":"master-mddzr","status":"publish","type":"page","link":"https:\/\/saiapm.ulbsibiu.ro\/index.php\/specializari\/master-mddzr\/","title":{"rendered":"MDDZR"},"content":{"rendered":"[vc_row css=&#8221;.vc_custom_1590605396414{margin-top: 20px !important;}&#8221;][vc_column css=&#8221;.vc_custom_1590608742203{margin-right: 30px !important;}&#8221;][vc_column_text]\n<p><span style=\"font-family: 'Open Sans'; font-size: 14px;\"><span style=\"color: #333333;\"><a style=\"color: #333333;\" href=\"http:\/\/saiapm.ulbsibiu.ro\">Acas\u0103<\/a>\u00a0 \u00a0&gt;<\/span>\u00a0 <span style=\"color: #002f60;\">Studii de masterat<\/span><\/span><\/p>\n[\/vc_column_text][vc_row_inner css=&#8221;.vc_custom_1590610032451{margin-top: 30px !important;}&#8221;][vc_column_inner]<div class=\"vcex-module vcex-heading vcex-heading-plain wpex-rcss wpex-69de1018d255c\" data-wpex-rcss='{\"font-size\":{\"d\":\"30px\",\"tl\":\"16px\",\"tp\":\"16px\",\"pl\":\"16px\",\"pp\":\"16px\"}}' data-wpex-uniqid='.wpex-69de1018d255c' style=\"color:#000000;font-family:Arial, Helvetica, sans-serif;font-weight:700;\"><span class=\"vcex-heading-inner clr\">Managementul dezvolt\u0103rii durabile a zonei rurale<\/span><\/div>[vc_column_text css=&#8221;.vc_custom_1590787583642{margin-top: 20px !important;margin-right: 20px !important;}&#8221;]\n<div align=\"justify\">\n<div class=\"subsep\">\n<p><span style=\"font-size: 16px;\">Programul de studii de master\u00a0 \u201e<strong>MANAGEMENTUL DEZVOLT\u0102RII DURABILE A ZONEI RURALE<\/strong>\u201d, a fost creat din\u00a0 dorin\u0163a de a contribui la completarea \u015fi actualizarea cuno\u015ftin\u0163elor teoretice \u015fi aplicative ale inginerilor din domeniul agricol, referitoare la modelul de organizare a activit\u0103\u0163ilor economice, sociale \u015fi de mediu \u00een conformitate cu principiile \u015fi exigen\u0163ele dezvolt\u0103rii rurale durabile.\u00a0<\/span><\/p>\n<p><span style=\"font-size: 16px;\">Absolven\u0163ii acestui program de master dob\u00e2ndesc competen\u0163e teoretice \u015fi practice care le permit evaluarea politicii privind dezvoltarea durabil\u0103 a zonei rurale \u015fi adaptarea continu\u0103 la cerin\u0163ele vie\u0163ii socio-economice. Astfel, ei pot realiza abordarea integrat\u0103 a \u00eentregii problematici ce prive\u015fte acest areal.<\/span><\/p>\n<p><span style=\"font-size: 16px;\">Cuno\u0219tin\u021bele\u00a0 dob\u00e2ndite le vor permite absolven\u021bilor s\u0103 devin\u0103 speciali\u015fti \u00een agricultur\u0103 \u015fi zootehnie ecologic\u0103,\u00a0 s\u0103 utilizeze cele mai performante metode \u015fi mijloace de investigare a polu\u0103rii \u015fi de depoluare a zonei rurale. De asemenea, ace\u0219tia pot scrie \u015fi implementa proiecte de dezvoltare rural\u0103, bazate pe cele mai performante\u00a0 tehnologii \u015fi biotehnologii agricole \u015fi zootehnice,\u00a0 posed\u00e2nd totodat\u0103 \u015fi cuno\u015ftin\u0163e de economia \u015fi legisla\u0163ia zonei rurale.<\/span><\/p>\n<p><span style=\"font-size: 16px;\">Durata studiilor de master este de 4 semestre (2 ani), av\u00e2nd un num\u0103r de 120 credite.<\/span><\/p>\n<\/div>\n<h4 align=\"justify\"><a href=\"http:\/\/saiapm.ulbsibiu.ro\/Docs\/Planuri_invatamant\/PI_MDDZR.pdf\"><span class=\"ws8\" style=\"color: #000000; font-family: Tahoma;\"><img loading=\"lazy\" decoding=\"async\" class=\"alignnone size-full wp-image-1195\" src=\"http:\/\/saiapm.ulbsibiu.ro\/wp-content\/uploads\/2016\/10\/pdfdoc.gif\" alt=\"\" width=\"16\" height=\"16\" \/>\u00a0Plan de \u00eenv\u0103\u0163\u0103m\u00e2nt<\/span><\/a><\/h4>\n<\/div>\n<div>\u00a0<\/div>\n[\/vc_column_text][\/vc_column_inner][\/vc_row_inner][\/vc_column][\/vc_row]\n","protected":false},"excerpt":{"rendered":"<p>[vc_row css=&#8221;.vc_custom_1590605396414{margin-top: 20px !important;}&#8221;][vc_column css=&#8221;.vc_custom_1590608742203{margin-right: 30px !important;}&#8221;][vc_column_text] Acas\u0103\u00a0 \u00a0&gt;\u00a0 Studii de masterat [\/vc_column_text][vc_row_inner css=&#8221;.vc_custom_1590610032451{margin-top: 30px !important;}&#8221;][vc_column_inner][vc_column_text css=&#8221;.vc_custom_1590787583642{margin-top: 20px !important;margin-right: 20px !important;}&#8221;] Programul de studii de master\u00a0 \u201eMANAGEMENTUL DEZVOLT\u0102RII DURABILE A ZONEI RURALE\u201d, a fost creat din\u00a0 dorin\u0163a de a contribui&hellip;<\/p>\n","protected":false},"author":1,"featured_media":0,"parent":6229,"menu_order":0,"comment_status":"closed","ping_status":"closed","template":"","meta":{"footnotes":""},"class_list":["post-6255","page","type-page","status-publish","hentry","entry","no-media"],"_links":{"self":[{"href":"https:\/\/saiapm.ulbsibiu.ro\/index.php\/wp-json\/wp\/v2\/pages\/6255"}],"collection":[{"href":"https:\/\/saiapm.ulbsibiu.ro\/index.php\/wp-json\/wp\/v2\/pages"}],"about":[{"href":"https:\/\/saiapm.ulbsibiu.ro\/index.php\/wp-json\/wp\/v2\/types\/page"}],"author":[{"embeddable":true,"href":"https:\/\/saiapm.ulbsibiu.ro\/index.php\/wp-json\/wp\/v2\/users\/1"}],"replies":[{"embeddable":true,"href":"https:\/\/saiapm.ulbsibiu.ro\/index.php\/wp-json\/wp\/v2\/comments?post=6255"}],"version-history":[{"count":3,"href":"https:\/\/saiapm.ulbsibiu.ro\/index.php\/wp-json\/wp\/v2\/pages\/6255\/revisions"}],"predecessor-version":[{"id":7265,"href":"https:\/\/saiapm.ulbsibiu.ro\/index.php\/wp-json\/wp\/v2\/pages\/6255\/revisions\/7265"}],"up":[{"embeddable":true,"href":"https:\/\/saiapm.ulbsibiu.ro\/index.php\/wp-json\/wp\/v2\/pages\/6229"}],"wp:attachment":[{"href":"https:\/\/saiapm.ulbsibiu.ro\/index.php\/wp-json\/wp\/v2\/media?parent=6255"}],"curies":[{"name":"wp","href":"https:\/\/api.w.org\/{rel}","templated":true}]}}