{"id":4881,"date":"2019-03-19T11:39:28","date_gmt":"2019-03-19T11:39:28","guid":{"rendered":"http:\/\/saiapm.ulbsibiu.ro\/?page_id=4881"},"modified":"2020-04-28T12:43:05","modified_gmt":"2020-04-28T12:43:05","slug":"ecofood2019","status":"publish","type":"page","link":"https:\/\/saiapm.ulbsibiu.ro\/index.php\/conferinte\/ecofood2019\/","title":{"rendered":"Ecofood2019"},"content":{"rendered":"[vc_row remove_bottom_col_margin=&#8221;true&#8221; css=&#8221;.vc_custom_1555402380235{margin-top: 20px !important;padding-top: 10px !important;background-color: #ffffff !important;}&#8221;][vc_column][vc_row_inner css=&#8221;.vc_custom_1555402343700{margin-top: 5px !important;margin-bottom: 20px !important;}&#8221;][vc_column_inner width=&#8221;1\/4&#8243;][vc_empty_space height=&#8221;10&#8243;][vc_single_image image=&#8221;4909&#8243; img_size=&#8221;medium&#8221;][vc_empty_space height=&#8221;30&#8243;][\/vc_column_inner][vc_column_inner width=&#8221;1\/2&#8243;][vc_column_text css_animation=&#8221;none&#8221; css=&#8221;.vc_custom_1554110873599{margin-top: 20px !important;margin-bottom: 30px !important;}&#8221;]\n<div>&nbsp;<\/div>\n<div>&nbsp;<\/div>\n<div style=\"text-align: center;\"><span style=\"color: #808080; font-size: 32px;\"><em><strong>Conferin\u021ba Na\u021bional\u0103 a Elevilor<\/strong><\/em><\/span><\/div>\n<div style=\"text-align: center;\"><span style=\"color: #008000; font-size: 32px;\"><strong>ECOFOOD 2019<\/strong><\/span><\/div>\n<div style=\"text-align: center;\"><span style=\"color: #808080; font-size: 32px;\"><strong>24 mai 2019<\/strong><\/span><\/div>\n<div style=\"text-align: center;\"><span style=\"color: #808080; font-size: 32px;\"><strong>Sibiu<\/strong><\/span><\/div>\n[\/vc_column_text][\/vc_column_inner][vc_column_inner width=&#8221;1\/4&#8243;][vc_single_image image=&#8221;48&#8243; alignment=&#8221;center&#8221;][vc_single_image image=&#8221;1013&#8243; alignment=&#8221;center&#8221; css=&#8221;.vc_custom_1553516299525{margin-bottom: 10px !important;}&#8221;][vc_single_image image=&#8221;4256&#8243; alignment=&#8221;center&#8221;][\/vc_column_inner][\/vc_row_inner][\/vc_column][\/vc_row][vc_row equal_height=&#8221;yes&#8221; remove_bottom_col_margin=&#8221;true&#8221; css=&#8221;.vc_custom_1555402126772{margin-right: 2px !important;margin-left: 2px !important;padding-top: 20px !important;padding-bottom: 20px !important;}&#8221;][vc_column width=&#8221;1\/2&#8243; css=&#8221;.vc_custom_1555401947919{background-color: #ffffff !important;}&#8221;][vc_column_text css=&#8221;.vc_custom_1588081078351{margin-right: 10px !important;margin-bottom: 30px !important;}&#8221;]\n<div><span style=\"color: #000000;\"><span style=\"font-size: 18px; font-family: 'times new roman', times;\">\u00a0 \u00a0 \u00a0 \u00a0 \u00a0 <\/span><\/span><\/div>\n<div><span style=\"color: #000000;\"><span style=\"font-size: 18px; font-family: 'times new roman', times;\">\u00a0 \u00a0 \u00a0 \u00a0 \u00a0 Facultatea de \u0218tiin\u021be Agricole, Industrie Alimentar\u0103 \u0219i Protec\u021bia Mediului din cadrul <\/span><span style=\"font-size: 18px; font-family: 'times new roman', times;\">Universit\u0103\u0163ii \u201eLucian Blaga\u201d din Sibiu v\u0103 invit\u0103 s\u0103 participa\u0163i la Conferin\u0163a Na\u021bional\u0103 a Elevilor <\/span><span style=\"font-size: 18px; font-family: 'times new roman', times;\">\u201eEcofood 2019\u201d \u00een domeniile: agricultur\u0103, industrie alimentar\u0103 \u0219i protec\u021bia mediului.<\/span><\/span><br \/><span style=\"color: #000000;\"><span style=\"font-family: 'times new roman', times;\"><span style=\"font-size: 18px;\">\u00a0 \u00a0 \u00a0 \u00a0 \u00a0 Conferin\u021ba \u00ee\u0219i propune un nou concept: \u00eenv\u0103\u021barea prin implicarea elevilor \u00een realizarea <\/span><span style=\"font-size: 18px;\">unor lucr\u0103ri care conduc la con\u0219tientizarea importan\u021bei siguran\u021bei alimentelor pornind de la <\/span><span style=\"font-size: 18px;\">ob\u021binerea produselor agricole, procesarea lor \u0219i nu \u00een ultimul r\u00e2nd, protec\u021bia mediului \u00een care se <\/span><span style=\"font-size: 18px;\">desf\u0103\u0219oar\u0103 toate aceste procese. Se adreseaz\u0103 tuturor elevilor de liceu care doresc s\u0103 se afirme \u0219i s\u0103 se implice prin colabor\u0103ri ulterioare cu facultatea noastr\u0103 \u00een c\u0103utarea de solu\u021bii la problemele cu care omenirea se confrunt\u0103 \u00een domeniile men\u021bionate. <\/span><\/span><span style=\"font-size: 18px; font-family: 'times new roman', times;\">Prezent\u0103rile \u00een limba rom\u00e2n\u0103, preg\u0103tite \u00een format Microsoft Powerpoint, vor fi expuse \u00een cele trei sec\u021biuni: <\/span><span style=\"font-family: 'times new roman', times;\"><span style=\"font-size: 18px;\">agricultur\u0103, industrie alimentar\u0103 \u0219i protec\u021bia mediului. Timpul de expunere va fi limitat la 10 <\/span><span style=\"font-size: 18px;\">minute pentru fiecare lucrare.<\/span><\/span><\/span><br \/><span style=\"color: #000000;\"><span style=\"font-size: 18px; font-family: 'times new roman', times;\">\u00a0 \u00a0 \u00a0 \u00a0 \u00a0 Cele mai valoroase lucr\u0103ri vor fi premiate. Nu vor lipsi diplomele de participare care se <\/span><span style=\"font-size: 18px; font-family: 'times new roman', times;\">vor acorda tuturor participan\u021bilor \u0219i cadrelor didactice \u00eenso\u021bitoare.<\/span><\/span><br \/><span style=\"color: #000000;\"><span style=\"font-size: 18px; font-family: 'times new roman', times;\">\u00a0 \u00a0 \u00a0 \u00a0 \u00a0 Conferin\u0163a va avea loc vineri, 24 mai 2019, de la ora 10.00, la Innovation Hub aflat la cantina studen\u021beasc\u0103 aflat\u0103 pe Bulevardul Victoriei 31 (v. harta mai jos).<\/span><\/span><\/div>\n[\/vc_column_text]<div style=\"font-size:16px;font-weight:400;\" class=\"vcex-module vcex-list_item\"><a href=\"http:\/\/saiapm.ulbsibiu.ro\/wp-content\/uploads\/2019\/05\/PROGRAMUL-CONFERIN\u021aEI-NA\u021aIONALE-A-ELEVILOR.pdf\"><div class=\"vcex-icon-wrap\" style=\"color:#dd3333;\"><span class=\"fa fa-file-pdf-o\"><\/span><\/div>Programul conferin\u021bei.pdf<\/a><\/div>[vc_column_text css=&#8221;.vc_custom_1522007768922{margin-top: 37px !important;}&#8221;]\n<p><span style=\"font-size: 21px;\"><strong>Contact<\/strong><\/span><\/p>\n[\/vc_column_text][vc_column_text css=&#8221;.vc_custom_1555402033631{margin-top: 10px !important;margin-bottom: 20px !important;}&#8221;]\n<div>\u00a0 \u00a0 \u00a0 \u00a0 \u00a0 \u00a0 \u00a0 <strong>Sef lucrari dr. ing. George MOISE<\/strong><\/div>\n<div>\u00a0 \u00a0 \u00a0 \u00a0 \u00a0 \u00a0 \u00a0 E-mail: <a href=\"mailto:george.moise@ulbsibiu.ro\">george.moise@ulbsibiu.ro<\/a><\/div>\n[\/vc_column_text][\/vc_column][vc_column width=&#8221;1\/2&#8243; css=&#8221;.vc_custom_1588081122266{border-top-width: 1px !important;border-right-width: 1px !important;border-bottom-width: 1px !important;border-left-width: 1px !important;background-color: #ffffff !important;}&#8221;][vc_column_text css=&#8221;.vc_custom_1588081273898{margin-top: 10px !important;}&#8221;]\n<p><span style=\"color: #333333; font-size: 18px;\"><strong>Comitet de organizare<\/strong><\/span><\/p>\n[\/vc_column_text][vc_separator color=&#8221;black&#8221; css=&#8221;.vc_custom_1553598361197{margin-bottom: 20px !important;}&#8221;][vc_column_text css=&#8221;.vc_custom_1588082005487{padding-bottom: 20px !important;}&#8221;]\n<div><span style=\"font-family: 'times new roman', times; font-size: 18px;\">Organizator principal: \u0219ef lucr\u0103ri dr. ing. Moise George<\/span><\/div>\n<div>\u00a0<\/div>\n<div><span style=\"font-family: 'times new roman', times; font-size: 18px;\">Prof. univ. dr. ing. Sava Camelia<\/span><\/div>\n<div><span style=\"font-family: 'times new roman', times; font-size: 18px;\">Conf. univ. dr. biol. Antofie Mihaela<\/span><\/div>\n<div><span style=\"font-family: 'times new roman', times; font-size: 18px;\">Conf. univ. dr. ing. C\u0103r\u0103tu\u0219 Mirela<\/span><\/div>\n<div><span style=\"font-family: 'times new roman', times; font-size: 18px;\">\u0218ef lucr\u0103ri dr. ing. C\u0103p\u0103\u021b\u00e2n\u0103 Ciprian<\/span><\/div>\n<div><span style=\"font-family: 'times new roman', times; font-size: 18px;\">\u0218ef lucr\u0103ri dr. ing. Danciu Cristina<\/span><\/div>\n<div><span style=\"font-family: 'times new roman', times; font-size: 18px;\">\u0218ef lucr\u0103ri dr. ing. Tulbure Anca<\/span><\/div>\n<div><span style=\"font-family: 'times new roman', times; font-size: 18px;\">\u0218ef lucr\u0103ri dr. ing. Ognean Mihai<\/span><\/div>\n<div><span style=\"font-family: 'times new roman', times; font-size: 18px;\">\u0218ef lucr\u0103ri dr. ing. P\u0103cal\u0103 Mariana<\/span><\/div>\n<div><span style=\"font-family: 'times new roman', times; font-size: 18px;\">\u0218ef lucr\u0103ri dr. biol. Antonie Iuliana<\/span><\/div>\n<div><span style=\"font-family: 'times new roman', times; font-size: 18px;\">\u0218ef lucr\u0103ri dr. ing. Moise Maria-Cristina<\/span><\/div>\n<div><span style=\"font-family: 'times new roman', times; font-size: 18px;\">ing. Nagy Alexandra<\/span><\/div>\n[\/vc_column_text][\/vc_column][\/vc_row][vc_row css=&#8221;.vc_custom_1555402298957{margin-right: 2px !important;margin-left: 2px !important;}&#8221;][vc_column css=&#8221;.vc_custom_1555402013709{background-color: #ffffff !important;}&#8221;][vc_column_text css=&#8221;.vc_custom_1558469290863{margin-top: 15px !important;margin-bottom: 15px !important;}&#8221;]\n<p><strong><span style=\"font-size: 18px;\">Locul de desf\u0103\u0219urare a conferin\u021bei<\/span><\/strong><\/p>\n[\/vc_column_text][vc_gmaps link=&#8221;#E-8_JTNDaWZyYW1lJTIwc3JjJTNEJTIyaHR0cHMlM0ElMkYlMkZ3d3cuZ29vZ2xlLmNvbSUyRm1hcHMlMkZlbWJlZCUzRnBiJTNEJTIxMW0xOCUyMTFtMTIlMjExbTMlMjExZDI3ODIuMTc0NDUzMDI3NTQlMjEyZDI0LjE0MDc1MzExNDg4ODc4JTIxM2Q0NS43ODc3MzI2MTk4MTg4MyUyMTJtMyUyMTFmMCUyMTJmMCUyMTNmMCUyMTNtMiUyMTFpMTAyNCUyMTJpNzY4JTIxNGYxMy4xJTIxM20zJTIxMW0yJTIxMXMweDQ3NGM2Nzg5MWNmMmYyYzUlMjUzQTB4NjViNTE4MmRlZTBmNmZkNSUyMTJzQ2FudGluYSUyQlN0dWRlbiUyNUM4JTI1OUJlYXNjJTI1QzQlMjU4MyUyMTVlMCUyMTNtMiUyMTFzcm8lMjEyc3JvJTIxNHYxNTU4NDY4OTY3ODU1JTIxNW0yJTIxMXNybyUyMTJzcm8lMjIlMjB3aWR0aCUzRCUyMjYwMCUyMiUyMGhlaWdodCUzRCUyMjQ1MCUyMiUyMGZyYW1lYm9yZGVyJTNEJTIyMCUyMiUyMHN0eWxlJTNEJTIyYm9yZGVyJTNBMCUyMiUyMGFsbG93ZnVsbHNjcmVlbiUzRSUzQyUyRmlmcmFtZSUzRQ==&#8221; css=&#8221;.vc_custom_1584730148144{padding-bottom: 15px !important;}&#8221;][\/vc_column][\/vc_row]\n","protected":false},"excerpt":{"rendered":"<p>[vc_row remove_bottom_col_margin=&#8221;true&#8221; css=&#8221;.vc_custom_1555402380235{margin-top: 20px !important;padding-top: 10px !important;background-color: #ffffff !important;}&#8221;][vc_column][vc_row_inner css=&#8221;.vc_custom_1555402343700{margin-top: 5px !important;margin-bottom: 20px !important;}&#8221;][vc_column_inner width=&#8221;1\/4&#8243;][vc_empty_space height=&#8221;10&#8243;][vc_single_image image=&#8221;4909&#8243; img_size=&#8221;medium&#8221;][vc_empty_space height=&#8221;30&#8243;][\/vc_column_inner][vc_column_inner width=&#8221;1\/2&#8243;][vc_column_text css_animation=&#8221;none&#8221; css=&#8221;.vc_custom_1554110873599{margin-top: 20px !important;margin-bottom: 30px !important;}&#8221;] &nbsp; &nbsp; Conferin\u021ba Na\u021bional\u0103 a Elevilor ECOFOOD 2019 24 mai 2019 Sibiu [\/vc_column_text][\/vc_column_inner][vc_column_inner width=&#8221;1\/4&#8243;][vc_single_image&hellip;<\/p>\n","protected":false},"author":1,"featured_media":0,"parent":4089,"menu_order":0,"comment_status":"closed","ping_status":"closed","template":"","meta":{"footnotes":""},"class_list":["post-4881","page","type-page","status-publish","hentry","entry","no-media"],"_links":{"self":[{"href":"https:\/\/saiapm.ulbsibiu.ro\/index.php\/wp-json\/wp\/v2\/pages\/4881"}],"collection":[{"href":"https:\/\/saiapm.ulbsibiu.ro\/index.php\/wp-json\/wp\/v2\/pages"}],"about":[{"href":"https:\/\/saiapm.ulbsibiu.ro\/index.php\/wp-json\/wp\/v2\/types\/page"}],"author":[{"embeddable":true,"href":"https:\/\/saiapm.ulbsibiu.ro\/index.php\/wp-json\/wp\/v2\/users\/1"}],"replies":[{"embeddable":true,"href":"https:\/\/saiapm.ulbsibiu.ro\/index.php\/wp-json\/wp\/v2\/comments?post=4881"}],"version-history":[{"count":33,"href":"https:\/\/saiapm.ulbsibiu.ro\/index.php\/wp-json\/wp\/v2\/pages\/4881\/revisions"}],"predecessor-version":[{"id":6070,"href":"https:\/\/saiapm.ulbsibiu.ro\/index.php\/wp-json\/wp\/v2\/pages\/4881\/revisions\/6070"}],"up":[{"embeddable":true,"href":"https:\/\/saiapm.ulbsibiu.ro\/index.php\/wp-json\/wp\/v2\/pages\/4089"}],"wp:attachment":[{"href":"https:\/\/saiapm.ulbsibiu.ro\/index.php\/wp-json\/wp\/v2\/media?parent=4881"}],"curies":[{"name":"wp","href":"https:\/\/api.w.org\/{rel}","templated":true}]}}