{"id":4488,"date":"2018-07-10T11:19:57","date_gmt":"2018-07-10T11:19:57","guid":{"rendered":"http:\/\/saiapm.ulbsibiu.ro\/?page_id=4488"},"modified":"2018-07-12T06:51:35","modified_gmt":"2018-07-12T06:51:35","slug":"admitere-2018-3","status":"publish","type":"page","link":"https:\/\/saiapm.ulbsibiu.ro\/index.php\/admitere-2018-3\/","title":{"rendered":"Admitere 2018"},"content":{"rendered":"[vc_row remove_bottom_col_margin=&#8221;true&#8221;][vc_column][vc_column_text css=&#8221;.vc_custom_1531377750027{margin-top: 20px !important;}&#8221;]\n<p><strong><span style=\"font-size: 24px; color: #000000;\">Admitere 2018<\/span><\/strong><\/p>\n[\/vc_column_text][vc_separator color=&#8221;black&#8221;][\/vc_column][\/vc_row][vc_row][vc_column width=&#8221;2\/3&#8243;][vc_column_text css=&#8221;.vc_custom_1531221896664{margin-top: 20px !important;}&#8221;]\n<p><span style=\"font-size: 16px;\"><img loading=\"lazy\" decoding=\"async\" title=\"Adobe Reader\" src=\"https:\/\/admitere.ulbsibiu.ro\/wp-content\/uploads\/images\/utils\/pdfdoc.gif\" alt=\"Adobe Reader\" width=\"16\" height=\"16\" align=\"absmiddle\" border=\"0\" \/>\u00a0<a href=\"https:\/\/admitere.ulbsibiu.ro\/wp-content\/uploads\/documents\/2018\/SAIAPM_Metodologia_admiterii_2018.pdf\" target=\"_blank\" rel=\"noopener\">Metodologie admitere<\/a><\/span><\/p>\n[\/vc_column_text][vc_column_text css=&#8221;.vc_custom_1531294687199{margin-top: 20px !important;}&#8221;]\n<p><span style=\"color: #000000; font-size: 18px;\"><strong>Studii de licen\u021b\u0103<\/strong><\/span><\/p>\n[\/vc_column_text][vc_tta_accordion active_section=&#8221;7&#8243; collapsible_all=&#8221;true&#8221;][vc_tta_section title=&#8221;Specializ\u0103ri&#8221; tab_id=&#8221;1531222817684-6ec3c0d6-d779&#8243;][vc_column_text]\n<div>\n<table id=\"tablepress-39-no-2\" class=\"tablepress tablepress-id-39 dataTable no-footer\" role=\"grid\">\n<thead>\n<tr class=\"row-1 odd\" role=\"row\">\n<th class=\"column-1 sorting\" tabindex=\"0\" colspan=\"1\" rowspan=\"1\" aria-controls=\"tablepress-39-no-2\" aria-label=\"Program de studiu: activate to sort column ascending\">Program de studiu<\/th>\n<th class=\"column-2 sorting\" tabindex=\"0\" colspan=\"1\" rowspan=\"1\" aria-controls=\"tablepress-39-no-2\" aria-label=\"Domeniu: activate to sort column ascending\">Domeniu<\/th>\n<th class=\"column-3 sorting\" tabindex=\"0\" colspan=\"1\" rowspan=\"1\" aria-controls=\"tablepress-39-no-2\" aria-label=\"Capacitate \ninstitu\u021bional\u0103\n(HG 140\/2017): activate to sort column ascending\">Capacitate\u00a0<br \/>institu\u021bional\u0103<br \/>(HG 140\/2017)<\/th>\n<th class=\"column-4 sorting\" tabindex=\"0\" colspan=\"1\" rowspan=\"1\" aria-controls=\"tablepress-39-no-2\" aria-label=\"Locuri\nBUGET Rom\u00e2ni,\nUE, SEE: activate to sort column ascending\">Locuri<br \/>BUGET Rom\u00e2ni,<br \/>UE, SEE<\/th>\n<th class=\"column-5 sorting\" tabindex=\"0\" colspan=\"1\" rowspan=\"1\" aria-controls=\"tablepress-39-no-2\" aria-label=\"Locuri\nTAX\u0102 Rom\u00e2ni,\nUE, SEE: activate to sort column ascending\">Locuri<br \/>TAX\u0102 Rom\u00e2ni,<br \/>UE, SEE<\/th>\n<th class=\"column-6 sorting\" tabindex=\"0\" colspan=\"1\" rowspan=\"1\" aria-controls=\"tablepress-39-no-2\" aria-label=\"Grant\nsub- \nventionat \nde ULBS: activate to sort column ascending\">Grant<br \/>sub-\u00a0<br \/>ventionat\u00a0<br \/>de ULBS<\/th>\n<th class=\"column-7 sorting\" tabindex=\"0\" colspan=\"1\" rowspan=\"1\" aria-controls=\"tablepress-39-no-2\" aria-label=\"Domenii\nprioritare\n: activate to sort column ascending\">Domenii<br \/>prioritare<\/th>\n<th class=\"column-8 sorting\" tabindex=\"0\" colspan=\"1\" rowspan=\"1\" aria-controls=\"tablepress-39-no-2\" aria-label=\"Absolventi \nlicee\nmediu rural\n: activate to sort column ascending\">Absolventi\u00a0<br \/>licee<br \/>mediu rural<\/th>\n<th class=\"column-9 sorting\" tabindex=\"0\" colspan=\"1\" rowspan=\"1\" aria-controls=\"tablepress-39-no-2\" aria-label=\"RROMI\nBUGET: activate to sort column ascending\">RROMI<br \/>BUGET<\/th>\n<th class=\"column-10 sorting\" tabindex=\"0\" colspan=\"1\" rowspan=\"1\" aria-controls=\"tablepress-39-no-2\" aria-label=\"BUGET \nRep. Mold +\nDiaspora\n: activate to sort column ascending\">BUGET\u00a0<br \/>Rep. Mold +<br \/>Diaspora<\/th>\n<th class=\"column-11 sorting\" tabindex=\"0\" colspan=\"1\" rowspan=\"1\" aria-controls=\"tablepress-39-no-2\" aria-label=\"CPL: activate to sort column ascending\">CPL<\/th>\n<th class=\"column-12 sorting\" tabindex=\"0\" colspan=\"1\" rowspan=\"1\" aria-controls=\"tablepress-39-no-2\" aria-label=\"CPV: activate to sort column ascending\">CPV<\/th>\n<\/tr>\n<\/thead>\n<tbody class=\"row-hover\">\n<tr class=\"row-2 even\" role=\"row\">\n<td class=\"column-1\"><a href=\"http:\/\/saiapm.ulbsibiu.ro\/index.php\/ingineria-produselor-alimentare\/\">Ingineria produselor alimentare<\/a><\/td>\n<td class=\"column-2\">Ingineria produselor alimentare<\/td>\n<td class=\"column-3\">100<\/td>\n<td class=\"column-4\">20<\/td>\n<td class=\"column-5\">17<\/td>\n<td class=\"column-6\">0<\/td>\n<td class=\"column-7\">5<\/td>\n<td class=\"column-8\">3<\/td>\n<td class=\"column-9\">0<\/td>\n<td class=\"column-10\">2<\/td>\n<td class=\"column-11\">0<\/td>\n<td class=\"column-12\">0<\/td>\n<\/tr>\n<tr class=\"row-3 odd\" role=\"row\">\n<td class=\"column-1\"><a href=\"http:\/\/saiapm.ulbsibiu.ro\/index.php\/ingineria-produselor-alimentare\/\">Ingineria produselor alimentare<\/a> (ID)<\/td>\n<td class=\"column-2\">Ingineria produselor alimentare<\/td>\n<td class=\"column-3\">50<\/td>\n<td class=\"column-4\">\u00a0<\/td>\n<td class=\"column-5\">25<\/td>\n<td class=\"column-6\">\u00a0<\/td>\n<td class=\"column-7\">\u00a0<\/td>\n<td class=\"column-8\">\u00a0<\/td>\n<td class=\"column-9\">\u00a0<\/td>\n<td class=\"column-10\">\u00a0<\/td>\n<td class=\"column-11\">\u00a0<\/td>\n<td class=\"column-12\">\u00a0<\/td>\n<\/tr>\n<tr class=\"row-4 even\" role=\"row\">\n<td class=\"column-1\"><a href=\"http:\/\/saiapm.ulbsibiu.ro\/index.php\/controlul-si-expertiza-produselor-alimentare\/\">Controlul \u0219i expertiza produselor alimentare<\/a><\/td>\n<td class=\"column-2\">Ingineria produselor alimentare<\/td>\n<td class=\"column-3\">40<\/td>\n<td class=\"column-4\">20<\/td>\n<td class=\"column-5\">12<\/td>\n<td class=\"column-6\">0<\/td>\n<td class=\"column-7\">5<\/td>\n<td class=\"column-8\">3<\/td>\n<td class=\"column-9\">0<\/td>\n<td class=\"column-10\">0<\/td>\n<td class=\"column-11\">0<\/td>\n<td class=\"column-12\">0<\/td>\n<\/tr>\n<tr class=\"row-5 odd\" role=\"row\">\n<td class=\"column-1\"><a href=\"http:\/\/saiapm.ulbsibiu.ro\/index.php\/inginerie-si-management-in-alimentatie-publica-si-agroturism\/\">Inginerie \u0219i management \u00een alimenta\u021bia public\u0103 \u0219i agroturism<\/a><\/td>\n<td class=\"column-2\">Inginerie \u0219i management \u00een agricultur\u0103 \u0219i dezvoltare rural\u0103<\/td>\n<td class=\"column-3\">50<\/td>\n<td class=\"column-4\">18<\/td>\n<td class=\"column-5\">8<\/td>\n<td class=\"column-6\">0<\/td>\n<td class=\"column-7\">2<\/td>\n<td class=\"column-8\">7<\/td>\n<td class=\"column-9\">0<\/td>\n<td class=\"column-10\">0<\/td>\n<td class=\"column-11\">0<\/td>\n<td class=\"column-12\">0<\/td>\n<\/tr>\n<tr class=\"row-6 even\" role=\"row\">\n<td class=\"column-1\"><a href=\"http:\/\/saiapm.ulbsibiu.ro\/index.php\/biotehnologii-in-industria-alimentara\/\">Biotehnologii pentru industria alimentar\u0103<\/a><\/td>\n<td class=\"column-2\">Biotehnologii<\/td>\n<td class=\"column-3\">30<\/td>\n<td class=\"column-4\">0<\/td>\n<td class=\"column-5\">30<\/td>\n<td class=\"column-6\">0<\/td>\n<td class=\"column-7\">0<\/td>\n<td class=\"column-8\">0<\/td>\n<td class=\"column-9\">0<\/td>\n<td class=\"column-10\">0<\/td>\n<td class=\"column-11\">0<\/td>\n<td class=\"column-12\">0<\/td>\n<\/tr>\n<tr class=\"row-7 odd\" role=\"row\">\n<td class=\"column-1\"><a href=\"http:\/\/saiapm.ulbsibiu.ro\/index.php\/inginerie-si-protectia-mediului-in-agricultura\/\">Ingineria \u0219i protec\u021bia mediului \u00een agricultur\u0103<\/a><\/td>\n<td class=\"column-2\">Ingineria mediului<\/td>\n<td class=\"column-3\">50<\/td>\n<td class=\"column-4\">22<\/td>\n<td class=\"column-5\">16<\/td>\n<td class=\"column-6\">0<\/td>\n<td class=\"column-7\">3<\/td>\n<td class=\"column-8\">4<\/td>\n<td class=\"column-9\">0<\/td>\n<td class=\"column-10\">0<\/td>\n<td class=\"column-11\">0<\/td>\n<td class=\"column-12\">0<\/td>\n<\/tr>\n<tr class=\"row-8 even\" role=\"row\">\n<td class=\"column-1\"><a href=\"http:\/\/saiapm.ulbsibiu.ro\/index.php\/montanologie\/\">Montanologie<\/a><\/td>\n<td class=\"column-2\">Agronomie<\/td>\n<td class=\"column-3\">50<\/td>\n<td class=\"column-4\">30<\/td>\n<td class=\"column-5\">12<\/td>\n<td class=\"column-6\">0<\/td>\n<td class=\"column-7\">3<\/td>\n<td class=\"column-8\">3<\/td>\n<td class=\"column-9\">0<\/td>\n<td class=\"column-10\">2<\/td>\n<td class=\"column-11\">0<\/td>\n<td class=\"column-12\">0<\/td>\n<\/tr>\n<tr class=\"row-9 odd\" role=\"row\">\n<td class=\"column-1\"><a href=\"http:\/\/saiapm.ulbsibiu.ro\/index.php\/montanologie\/\">Montanologie<\/a> (ID)<\/td>\n<td class=\"column-2\">Agronomie<\/td>\n<td class=\"column-3\">50<\/td>\n<td class=\"column-4\">\u00a0<\/td>\n<td class=\"column-5\">50<\/td>\n<td class=\"column-6\">\u00a0<\/td>\n<td class=\"column-7\">\u00a0<\/td>\n<td class=\"column-8\">\u00a0<\/td>\n<td class=\"column-9\">\u00a0<\/td>\n<td class=\"column-10\">\u00a0<\/td>\n<td class=\"column-11\">\u00a0<\/td>\n<\/tr>\n<\/tbody>\n<\/table>\n<\/div>\n<div>\u00a0<\/div>\n[\/vc_column_text][\/vc_tta_section][vc_tta_section title=&#8221;Tip concurs\/criterii de selec\u021bie&#8221; tab_id=&#8221;1531222817686-1fae705e-e5ba&#8221;][vc_column_text]\n<p>Tip concurs: c<em>oncurs de admitere pe baz\u0103 de dosare\u00a0<\/em><\/p>\n<p>Criterii de selec\u021bie:<em>\u00a0media ob\u021binut\u0103 la examenul de bacalaureat<\/em><\/p>\n[\/vc_column_text][\/vc_tta_section][vc_tta_section title=&#8221;Acte necesare pentru admitere&#8221; tab_id=&#8221;1531295008028-6183f401-3b51&#8243;][vc_column_text]\n<p style=\"padding-left: 30px;\">1. fi\u015fa tip de \u00eenscriere , completat\u0103 cu op\u0163iunile candidatului pentru domeniile\/specializ\u0103rile pentru care vrea s\u0103 candideze, \u00een ordinea preferin\u0163elor;<\/p>\n<p style=\"padding-left: 30px;\">2. diploma de bacalaureat sau adeverin\u0163\u0103 eliberat\u0103 de institu\u021bia de\u00a0\u00eenv\u0103\u021b\u0103m\u00e2nt absolvit\u0103, \u00een care se men\u0163ioneaz\u0103 at\u00e2t media general\u0103 de bacalaureat, c\u00e2t \u015fi notele ob\u0163inute\u00a0la probele sus\u0163inute<\/p>\n<p style=\"padding-left: 30px;\">3. certificatul de na\u015ftere;<\/p>\n<p style=\"padding-left: 30px;\">4. adeverin\u0163\u0103 medical\u0103 tipizat\u0103, din care s\u0103 rezulte c\u0103 este apt pentru admitere, respectiv studii;<\/p>\n<p style=\"padding-left: 30px;\">5. trei(3) fotografii tip buletin (3 cm x 4 cm);<\/p>\n<p style=\"padding-left: 30px;\">6. un dosar plic;<\/p>\n<p style=\"padding-left: 30px;\">7. adeverin\u0163\u0103 din care s\u0103 rezulte calitatea de student integralist cu drept de \u00eenscriere la concursul de admitere, (pentru cei care se \u00eenscriu s\u0103 urmeze \u00een paralel o a doua facultate) respectiv diploma de absolvire a unei facult\u0103\u0163i \u00een copie legalizat\u0103 (la notar, pentru cei care au absolvit o facultate), dac\u0103 este cazul;<\/p>\n<p style=\"padding-left: 30px;\">8. adeverin\u0163\u0103 sau copie a legitima\u0163iei de \u00eenscriere la prima facultate, autentificat\u0103 de secretariatul facult\u0103\u0163ii la care s-a \u00eenscris prima dat\u0103;<\/p>\n<p style=\"padding-left: 30px;\">9. chitan\u0163\u0103 de plat\u0103 a taxei de \u00eenscriere la concursul de admitere.<\/p>\n<p style=\"padding-left: 30px;\">Candida\u0163ii care au absolvit anterior o alt\u0103 facultate cu diplom\u0103 de licen\u0163\u0103, respectiv\u00a0diplom\u0103 de absolvire, precum \u015fi studen\u0163ii din universit\u0103\u0163ile de stat au obliga\u0163ia de a declara\u00a0la \u00eenscriere dac\u0103 au urmat alte specializ\u0103ri \u015fi perioadele \u00een care au fost sus\u0163inu\u0163i financiar de\u00a0la bugetul de stat.\u00a0<\/p>\n[\/vc_column_text][\/vc_tta_section][vc_tta_section title=&#8221;Perioada de \u00eenscriere&#8221; tab_id=&#8221;1531295088731-54a5fc71-c73f&#8221;][vc_column_text]\n<div>\n<p class=\"section-title\" style=\"padding-left: 30px;\"><strong><span style=\"font-size: 18px;\">Calendarul concursului de admitere ZI<\/span><\/strong><\/p>\n<\/div>\n<div style=\"padding-left: 90px;\">Sesiunea 1 (var\u0103)<\/div>\n<section class=\"section-text\" style=\"padding-left: 30px;\">\n<div class=\"section-content\" style=\"padding-left: 30px;\">\n<p style=\"padding-left: 30px;\">\u25cf \u00eenscrieri: 12 \u2013 14 \u0219i 16-20 iulie 2018<br \/>\u25cf rezultate: 23 iulie 2018<br \/>\u25cf confirmarea locului: 24 \u2013 27 iulie 2018<br \/>\u25cf rezultate finale: 30 iulie 2018<\/p>\n<p style=\"padding-left: 30px;\">Sesiunea 2 (toamn\u0103)<br \/>\u25cf \u00eenscrieri: 10 \u2013 15 sept. 2018<br \/>\u25cf rezultate: 17 sept. 2018<br \/>\u25cf confirmarea locului: 18-20 sept. 2018<br \/>\u25cf rezultate finale: 21 sept. 2018<\/p>\n<\/div>\n<\/section>\n<section class=\"section-text\" style=\"padding-left: 30px;\">\n<p>&nbsp;<\/p>\n<p class=\"section-title\" style=\"padding-left: 30px;\"><strong><span style=\"font-size: 18px;\">Calendarul concursului de admitere ID<\/span><\/strong><\/p>\n<div class=\"section-content\" style=\"padding-left: 30px;\">\n<p style=\"padding-left: 30px;\">Perioada de \u00eenscriere la sediul Departamentului IDIFR:<br \/>\u25cf 5 mai \u2013 13 septembrie 2018;<br \/>\u25cf Afi\u0219area rezultatelor 17 septembrie 2018<br \/>\u25cf Confirmare locuri: 18 \u2013 20 septembrie 2018<br \/>\u25cf Rezultate finale: 21 septembrie 2018<\/p>\n<\/div>\n<\/section>\n[\/vc_column_text][\/vc_tta_section][\/vc_tta_accordion][vc_column_text css=&#8221;.vc_custom_1531326921549{margin-top: 20px !important;}&#8221;]\n<p><span style=\"color: #000000; font-size: 18px;\"><strong>Studii de masterat<\/strong><\/span><\/p>\n[\/vc_column_text][vc_tta_accordion active_section=&#8221;7&#8243; collapsible_all=&#8221;true&#8221;][vc_tta_section title=&#8221;Specializ\u0103ri&#8221; tab_id=&#8221;1531326935865-a8e094c1-646a&#8221;][vc_column_text]\n<div>\n<table id=\"tablepress-40-no-2\" class=\"tablepress tablepress-id-40 dataTable no-footer\" role=\"grid\">\n<thead>\n<tr class=\"row-1 odd\" role=\"row\">\n<th class=\"column-1 sorting\" tabindex=\"0\" colspan=\"1\" rowspan=\"1\" aria-controls=\"tablepress-40-no-2\" aria-label=\"Domeniu: activate to sort column ascending\">Domeniu<\/th>\n<th class=\"column-2 sorting\" tabindex=\"0\" colspan=\"1\" rowspan=\"1\" aria-controls=\"tablepress-40-no-2\" aria-label=\"Program de studiu: activate to sort column ascending\">Program de studiu<\/th>\n<th class=\"column-3 sorting\" tabindex=\"0\" colspan=\"1\" rowspan=\"1\" aria-controls=\"tablepress-40-no-2\" aria-label=\"Capacitate\ninstitu\u021bional\u0103\n(HG 117\/2017): activate to sort column ascending\">Capacitate<br \/>institu\u021bional\u0103<br \/>(HG 117\/2017)<\/th>\n<th class=\"column-4 sorting\" tabindex=\"0\" colspan=\"1\" rowspan=\"1\" aria-controls=\"tablepress-40-no-2\" aria-label=\"Locuri\nBUGET Rom\u00e2ni,\nUE, SEE\n: activate to sort column ascending\">Locuri<br \/>BUGET Rom\u00e2ni,<br \/>UE, SEE<\/th>\n<th class=\"column-5 sorting\" tabindex=\"0\" colspan=\"1\" rowspan=\"1\" aria-controls=\"tablepress-40-no-2\" aria-label=\"Locuri\nTAX\u0102 Rom\u00e2ni,\nUE, SEE: activate to sort column ascending\">Locuri<br \/>TAX\u0102 Rom\u00e2ni,<br \/>UE, SEE<\/th>\n<th class=\"column-6 sorting\" tabindex=\"0\" colspan=\"1\" rowspan=\"1\" aria-controls=\"tablepress-40-no-2\" aria-label=\"Grant\nsub- \nventionat \nde ULBS: activate to sort column ascending\">Grant<br \/>sub-\u00a0<br \/>ventionat\u00a0<br \/>de ULBS<\/th>\n<th class=\"column-7 sorting\" tabindex=\"0\" colspan=\"1\" rowspan=\"1\" aria-controls=\"tablepress-40-no-2\" aria-label=\"Domenii\nprioritare\n: activate to sort column ascending\">Domenii<br \/>prioritare<\/th>\n<th class=\"column-8 sorting\" tabindex=\"0\" colspan=\"1\" rowspan=\"1\" aria-controls=\"tablepress-40-no-2\" aria-label=\"RROMI\nBUGET: activate to sort column ascending\">RROMI<br \/>BUGET<\/th>\n<th class=\"column-9 sorting\" tabindex=\"0\" colspan=\"1\" rowspan=\"1\" aria-controls=\"tablepress-40-no-2\" aria-label=\"BUGET \nRep. Mold +\nDiaspora\n: activate to sort column ascending\">BUGET\u00a0<br \/>Rep. Mold +<br \/>Diaspora<\/th>\n<th class=\"column-10 sorting\" tabindex=\"0\" colspan=\"1\" rowspan=\"1\" aria-controls=\"tablepress-40-no-2\" aria-label=\"CPL: activate to sort column ascending\">CPL<\/th>\n<th class=\"column-11 sorting\" tabindex=\"0\" colspan=\"1\" rowspan=\"1\" aria-controls=\"tablepress-40-no-2\" aria-label=\"CPV: activate to sort column ascending\">CPV<\/th>\n<\/tr>\n<\/thead>\n<tbody class=\"row-hover\">\n<tr class=\"row-2 even\" role=\"row\">\n<td class=\"column-1\">Ingineria produselor alimentare<\/td>\n<td class=\"column-2\">Asigurarea calit\u0103\u021bii \u0219i siguran\u021bei alimentelor<\/td>\n<td class=\"column-3\">100 (*)<\/td>\n<td class=\"column-4\">14<\/td>\n<td class=\"column-5\">13<\/td>\n<td class=\"column-6\">0<\/td>\n<td class=\"column-7\">3<\/td>\n<td class=\"column-8\">0<\/td>\n<td class=\"column-9\">0<\/td>\n<td class=\"column-10\">0<\/td>\n<td class=\"column-11\">0<\/td>\n<\/tr>\n<tr class=\"row-3 odd\" role=\"row\">\n<td class=\"column-1\">Ingineria produselor alimentare<\/td>\n<td class=\"column-2\">Managementul proces\u0103rii moderne a alimentelor<\/td>\n<td class=\"column-3\">100 (*)<\/td>\n<td class=\"column-4\">14<\/td>\n<td class=\"column-5\">13<\/td>\n<td class=\"column-6\">0<\/td>\n<td class=\"column-7\">3<\/td>\n<td class=\"column-8\">0<\/td>\n<td class=\"column-9\">1<\/td>\n<td class=\"column-10\">0<\/td>\n<td class=\"column-11\">0<\/td>\n<\/tr>\n<tr class=\"row-4 even\" role=\"row\">\n<td class=\"column-1\">Agronomie<\/td>\n<td class=\"column-2\">Managementul dezvolt\u0103rii durabile a zonei rurale<\/td>\n<td class=\"column-3\">100 (*)<\/td>\n<td class=\"column-4\">14<\/td>\n<td class=\"column-5\">23<\/td>\n<td class=\"column-6\">0<\/td>\n<td class=\"column-7\">3<\/td>\n<td class=\"column-8\">0<\/td>\n<td class=\"column-9\">1<\/td>\n<td class=\"column-10\">0<\/td>\n<td class=\"column-11\">0<\/td>\n<\/tr>\n<tr class=\"row-5 odd\" role=\"row\">\n<td class=\"column-1\">Agronomie<\/td>\n<td class=\"column-2\">Managementul protec\u021biei mediului agricol<\/td>\n<td class=\"column-3\">100 (*)<\/td>\n<td class=\"column-4\">14<\/td>\n<td class=\"column-5\">13<\/td>\n<td class=\"column-6\">0<\/td>\n<td class=\"column-7\">3<\/td>\n<td class=\"column-8\">0<\/td>\n<td class=\"column-9\">1<\/td>\n<td class=\"column-10\">0<\/td>\n<td class=\"column-11\">0<\/td>\n<\/tr>\n<\/tbody>\n<\/table>\n<\/div>\n[\/vc_column_text][\/vc_tta_section][vc_tta_section title=&#8221;Tip concurs\/criterii de selec\u021bie&#8221; tab_id=&#8221;1531326935866-ce1a3353-2d13&#8243;][vc_column_text]\n<p>Tip concurs: <em>concurs de admitere mixt \/ prob\u0103 oral\u0103\u00a0<\/em><\/p>\n<p>Criterii de selec\u021bie:<em> 100% media ob\u0163inut\u0103 la examenul de licen\u0163\u0103 (diplom\u0103)\u00a0<br \/>Proba de verificare a cuno\u0219tin\u021belor de domeniu notat\u0103 cu Admis\/Respins<\/em><\/p>\n[\/vc_column_text][\/vc_tta_section][vc_tta_section title=&#8221;Acte necesare pentru admitere&#8221; tab_id=&#8221;1531326935868-51246fba-5885&#8243;][vc_column_text]\n<p style=\"padding-left: 30px;\">1. fi\u015fa tip de \u00eenscriere , completat\u0103 cu op\u0163iunile candidatului pentru domeniile\/specializ\u0103rile pentru care vrea s\u0103 candideze, \u00een ordinea preferin\u0163elor;<\/p>\n<p style=\"padding-left: 30px;\">2. diploma de bacalaureat sau adeverin\u0163\u0103 eliberat\u0103 de institu\u021bia de\u00a0\u00eenv\u0103\u021b\u0103m\u00e2nt absolvit\u0103, \u00een care se men\u0163ioneaz\u0103 at\u00e2t media general\u0103 de bacalaureat, c\u00e2t \u015fi notele ob\u0163inute\u00a0la probele sus\u0163inute<\/p>\n<p style=\"padding-left: 30px;\">3. certificatul de na\u015ftere;<\/p>\n<p style=\"padding-left: 30px;\">4. adeverin\u0163\u0103 medical\u0103 tipizat\u0103, din care s\u0103 rezulte c\u0103 este apt pentru admitere, respectiv studii;<\/p>\n<p style=\"padding-left: 30px;\">5. trei(3) fotografii tip buletin (3 cm x 4 cm);<\/p>\n<p style=\"padding-left: 30px;\">6. un dosar plic;<\/p>\n<p style=\"padding-left: 30px;\">7. adeverin\u0163\u0103 din care s\u0103 rezulte calitatea de student integralist cu drept de \u00eenscriere la concursul de admitere, (pentru cei care se \u00eenscriu s\u0103 urmeze \u00een paralel o a doua facultate) respectiv diploma de absolvire a unei facult\u0103\u0163i \u00een copie legalizat\u0103 (la notar, pentru cei care au absolvit o facultate), dac\u0103 este cazul;<\/p>\n<p style=\"padding-left: 30px;\">8. adeverin\u0163\u0103 sau copie a legitima\u0163iei de \u00eenscriere la prima facultate, autentificat\u0103 de secretariatul facult\u0103\u0163ii la care s-a \u00eenscris prima dat\u0103;<\/p>\n<p style=\"padding-left: 30px;\">9. chitan\u0163\u0103 de plat\u0103 a taxei de \u00eenscriere la concursul de admitere.<\/p>\n<p style=\"padding-left: 30px;\">10. diplom\u0103 de licen\u0163\u0103\/adeverin\u0163\u0103 de absolvire\u00a0eliberat\u0103 de institu\u0163ii de \u00eenv\u0103\u0163\u0103m\u00e2nt superior (de stat sau particulare) acreditate de MENCS, pentru programe de studii autorizate sau acreditate de ARACIS. Pentru absolven\u0163ii de programe de studii oferite de universit\u0103\u0163ile private din \u0163ar\u0103 se solicit\u0103, \u00een prealabil, avizul departamentului juridic din cadrul ULBS, indiferent de forma de \u015fcolarizare pentru care candideaz\u0103;<\/p>\n[\/vc_column_text][\/vc_tta_section][vc_tta_section title=&#8221;Perioada de \u00eenscriere&#8221; tab_id=&#8221;1531326935869-ed78a848-ea73&#8243;][vc_column_text]\n<p>Sesiunea 1 (var\u0103)<br \/>\u25cf \u00eenscrieri: 13 \u2013 14 \u0219i 16-19 iulie 2018<br \/>\u25cf proba oral\u0103: 20 iulie 2018, \u00eencep\u00e2nd cu ora 8:00<br \/>\u25cf rezultate: 23 iulie 2018<br \/>\u25cf confirmarea locului: 24-27 iulie 2018<br \/>\u25cf rezultate finale: 30 iulie 2018<\/p>\n<p>Sesiunea 2 (toamn\u0103)<br \/>\u25cf \u00eenscrieri: 10-15 sept. 2018<br \/>\u25cf proba oral\u0103: 17 sept. 2018, \u00eencep\u00e2nd cu ora 10:00<br \/>\u25cf rezultate: 18 sept. 2018<br \/>\u25cf confirmarea locului: 19-20 sept. 2018<br \/>\u25cf rezultate finale: 21 sept 2018<\/p>\n[\/vc_column_text][\/vc_tta_section][\/vc_tta_accordion][\/vc_column][vc_column width=&#8221;1\/3&#8243;][vc_column_text]\n<div id=\"Mod253\" class=\"ja-moduletable moduletable  clearfix\">\n<h3>PROGRAME DE STUDIU<\/h3>\n<\/div>\n[\/vc_column_text][vc_column_text css=&#8221;.vc_custom_1531377735817{margin-top: 10px !important;}&#8221;]\n<p><span style=\"color: #000000;\"><a style=\"color: #000000;\" href=\"http:\/\/saiapm.ulbsibiu.ro\/index.php\/admitere-2018-3\/\">Studii de licen\u021b\u0103<\/a><\/span><\/p>\n[\/vc_column_text][vc_separator color=&#8221;black&#8221;][vc_column_text css=&#8221;.vc_custom_1531377608330{margin-top: 10px !important;}&#8221;]\n<p><span style=\"color: #000000;\"><a style=\"color: #000000;\" href=\"http:\/\/saiapm.ulbsibiu.ro\/index.php\/admitere-2018-3\/\">Studii de masterat<\/a><\/span><\/p>\n[\/vc_column_text][vc_separator color=&#8221;black&#8221;][vc_column_text css=&#8221;.vc_custom_1531377630606{margin-top: 10px !important;}&#8221;]\n<p><span style=\"color: #000000;\"><a style=\"color: #000000;\" href=\"http:\/\/doctorate.ulbsibiu.ro\/\" target=\"_blank\" rel=\"noopener\">Studii de doctorat<\/a><\/span><\/p>\n[\/vc_column_text][vc_separator color=&#8221;black&#8221;][vc_column_text css=&#8221;.vc_custom_1531377672072{margin-top: 10px !important;}&#8221;]\n<p><span style=\"color: #000000;\"><a style=\"color: #000000;\" href=\"http:\/\/saiapm.ulbsibiu.ro\/index.php\/admitere-2018-3\/\">\u00cenv\u0103\u021b\u0103m\u00e2nt la distan\u021b\u0103<\/a><\/span><\/p>\n[\/vc_column_text][vc_separator color=&#8221;black&#8221;][vc_column_text css=&#8221;.vc_custom_1531378109281{margin-top: 15px !important;}&#8221;]\n<p><a href=\"http:\/\/saiapm.ulbsibiu.ro\/wp-content\/uploads\/2018\/07\/aracis_big.jpg\"><img loading=\"lazy\" decoding=\"async\" class=\"wp-image-4499 size-medium alignleft\" src=\"http:\/\/saiapm.ulbsibiu.ro\/wp-content\/uploads\/2018\/07\/aracis_big-300x212.jpg\" alt=\"\" width=\"300\" height=\"212\" srcset=\"https:\/\/saiapm.ulbsibiu.ro\/wp-content\/uploads\/2018\/07\/aracis_big-300x212.jpg 300w, https:\/\/saiapm.ulbsibiu.ro\/wp-content\/uploads\/2018\/07\/aracis_big-768x542.jpg 768w, https:\/\/saiapm.ulbsibiu.ro\/wp-content\/uploads\/2018\/07\/aracis_big-1024x723.jpg 1024w\" sizes=\"(max-width: 300px) 100vw, 300px\" \/><\/a><\/p>\n[\/vc_column_text][\/vc_column][\/vc_row]\n","protected":false},"excerpt":{"rendered":"<p>[vc_row remove_bottom_col_margin=&#8221;true&#8221;][vc_column][vc_column_text css=&#8221;.vc_custom_1531377750027{margin-top: 20px !important;}&#8221;] Admitere 2018 [\/vc_column_text][vc_separator color=&#8221;black&#8221;][\/vc_column][\/vc_row][vc_row][vc_column width=&#8221;2\/3&#8243;][vc_column_text css=&#8221;.vc_custom_1531221896664{margin-top: 20px !important;}&#8221;] \u00a0Metodologie admitere [\/vc_column_text][vc_column_text css=&#8221;.vc_custom_1531294687199{margin-top: 20px !important;}&#8221;] Studii de licen\u021b\u0103 [\/vc_column_text][vc_tta_accordion active_section=&#8221;7&#8243; collapsible_all=&#8221;true&#8221;][vc_tta_section title=&#8221;Specializ\u0103ri&#8221; tab_id=&#8221;1531222817684-6ec3c0d6-d779&#8243;][vc_column_text] Program de studiu Domeniu Capacitate\u00a0institu\u021bional\u0103(HG 140\/2017) LocuriBUGET Rom\u00e2ni,UE, SEE LocuriTAX\u0102 Rom\u00e2ni,UE, SEE Grantsub-\u00a0ventionat\u00a0de&hellip;<\/p>\n","protected":false},"author":1,"featured_media":0,"parent":0,"menu_order":0,"comment_status":"closed","ping_status":"closed","template":"","meta":{"footnotes":""},"class_list":["post-4488","page","type-page","status-publish","hentry","entry","no-media"],"_links":{"self":[{"href":"https:\/\/saiapm.ulbsibiu.ro\/index.php\/wp-json\/wp\/v2\/pages\/4488"}],"collection":[{"href":"https:\/\/saiapm.ulbsibiu.ro\/index.php\/wp-json\/wp\/v2\/pages"}],"about":[{"href":"https:\/\/saiapm.ulbsibiu.ro\/index.php\/wp-json\/wp\/v2\/types\/page"}],"author":[{"embeddable":true,"href":"https:\/\/saiapm.ulbsibiu.ro\/index.php\/wp-json\/wp\/v2\/users\/1"}],"replies":[{"embeddable":true,"href":"https:\/\/saiapm.ulbsibiu.ro\/index.php\/wp-json\/wp\/v2\/comments?post=4488"}],"version-history":[{"count":11,"href":"https:\/\/saiapm.ulbsibiu.ro\/index.php\/wp-json\/wp\/v2\/pages\/4488\/revisions"}],"predecessor-version":[{"id":4503,"href":"https:\/\/saiapm.ulbsibiu.ro\/index.php\/wp-json\/wp\/v2\/pages\/4488\/revisions\/4503"}],"wp:attachment":[{"href":"https:\/\/saiapm.ulbsibiu.ro\/index.php\/wp-json\/wp\/v2\/media?parent=4488"}],"curies":[{"name":"wp","href":"https:\/\/api.w.org\/{rel}","templated":true}]}}